{"id":705,"date":"2025-05-24T18:56:18","date_gmt":"2025-05-24T18:56:18","guid":{"rendered":"https:\/\/cebelarstvo-cret.com\/?page_id=705"},"modified":"2025-05-31T15:11:41","modified_gmt":"2025-05-31T15:11:41","slug":"mediji","status":"publish","type":"page","link":"https:\/\/cebelarstvo-cret.com\/en\/mediji\/","title":{"rendered":"News"},"content":{"rendered":"<h2>\n\t\tNews\n\t<\/h2>\n<h2>\n\t\tOur footprint in the media\n\t<\/h2>\n\t\t\t\t<a href=\"https:\/\/moja-dolenjska.si\/zala-tomasic-v-bruslju-opozorila-na-pomen-zascite-pravega-medu-in-boj-proti-ponaredkom\/\"  target=\"_self\" itemprop=\"url\">\n\t\t\t\t<img loading=\"lazy\" decoding=\"async\" src=\"https:\/\/cebelarstvo-cret.com\/wp-content\/uploads\/2025\/05\/20250315_121223-2.jpg\" alt=\"20250315_121223\" itemprop=\"image\" height=\"664\" width=\"900\" title=\"20250315_121223\" onerror=\"this.style.display='none'\"  \/>\n\t\t\t\t<\/a>\n\t<h2>The Importance of Protecting Real Honey<\/h2>\n<p>Ob svetovnem dnevu \u010debel je evropska poslanka Zala Toma\u0161i\u010d v Evropskem parlamentu organizirala poseben dogodek, s katerim je poudarila pomen za\u0161\u010dite \u010debel, pravega medu ter osvetlila eno najpomembnej\u0161ih problematik &#8211; problem ponarejenega medu.<\/p>\n\t\t\t<a href=\"https:\/\/moja-dolenjska.si\/zala-tomasic-v-bruslju-opozorila-na-pomen-zascite-pravega-medu-in-boj-proti-ponaredkom\/#goog_rewarded\" target=\"_self\">\n\t\t\t\t\t\t\tMore about the article\n\t\t\t\t\t<\/a>\n\t\t\t\t<a href=\"https:\/\/www.gov.si\/novice\/2024-12-07-prvo-evropsko-ocenjevanje-medu-poudarilo-pomen-kakovosti-in-sodelovanja\/\"  target=\"_self\" itemprop=\"url\">\n\t\t\t\t<img loading=\"lazy\" decoding=\"async\" src=\"https:\/\/cebelarstvo-cret.com\/wp-content\/uploads\/2025\/05\/Svetovni-dan-medu-2048x1365-1.jpg\" alt=\"svetovni dan medu\" itemprop=\"image\" height=\"600\" width=\"900\" title=\"Svetovni-dan-medu-2048x1365\" onerror=\"this.style.display='none'\"  \/>\n\t\t\t\t<\/a>\n\t<h2>The 1st European honey evaluation<\/h2>\n<p>The Slovenian Beekeepers\u2019 Association, in cooperation with the Coastal Beekeeping Society of Koper, organized the first European honey evaluation, bringing together 114 honey samples from 11 countries.<\/p>\n\t\t\t<a href=\"https:\/\/www.gov.si\/novice\/2024-12-07-prvo-evropsko-ocenjevanje-medu-poudarilo-pomen-kakovosti-in-sodelovanja\/\" target=\"_self\">\n\t\t\t\t\t\t\tMore about the article\n\t\t\t\t\t<\/a>\n\t\t\t\t<a href=\"https:\/\/www.metropolitan.si\/novice\/slovenija\/cebelarstvo-ocenjevanje-medu-slovenija-evropa\/\"  target=\"_self\" itemprop=\"url\">\n\t\t\t\t<img loading=\"lazy\" decoding=\"async\" src=\"https:\/\/cebelarstvo-cret.com\/wp-content\/uploads\/2025\/05\/20231221_173818.jpg\" alt=\"20231221_173818\" itemprop=\"image\" height=\"794\" width=\"900\" title=\"20231221_173818\" onerror=\"this.style.display='none'\"  \/>\n\t\t\t\t<\/a>\n\t<h2>Metro news<\/h2>\n<p>Slovenija je gostila prvo evropsko ocenjevanje medu &#8211; med zmagovalci najve\u010d slovenskih \u010debelarjev.<\/p>\n\t\t\t<a href=\"https:\/\/www.metropolitan.si\/novice\/slovenija\/cebelarstvo-ocenjevanje-medu-slovenija-evropa\/\" target=\"_self\">\n\t\t\t\t\t\t\tMore about the article\n\t\t\t\t\t<\/a>\n\t\t\t\t<a href=\"https:\/\/agrobiznis.finance.si\/novice\/slovenski-med-pometel-z-evropsko-konkurenco\/a\/9029660\"  target=\"_self\" itemprop=\"url\">\n\t\t\t\t<img loading=\"lazy\" decoding=\"async\" src=\"https:\/\/cebelarstvo-cret.com\/wp-content\/uploads\/2025\/05\/IMG_8140.jpg\" alt=\"IMG_8140\" itemprop=\"image\" height=\"815\" width=\"900\" title=\"IMG_8140\" onerror=\"this.style.display='none'\"  \/>\n\t\t\t\t<\/a>\n<h2>\n\t\tSlovenian honey outshined the European competition.\n\t<\/h2>\n<p>The first European honey evaluation was held in Koper, where beekeepers from 11 countries presented 114 honey samples.<\/p>\n\t\t\t<a href=\"https:\/\/agrobiznis.finance.si\/novice\/slovenski-med-pometel-z-evropsko-konkurenco\/a\/9029660\" target=\"_self\">\n\t\t\t\t\t\t\tMore about the article\n\t\t\t\t\t<\/a>","protected":false},"excerpt":{"rendered":"<p>Mediji Na\u0161 odtis v medijih Pomen za\u0161\u010dite pravega medu Ob svetovnem dnevu \u010debel je evropska poslanka Zala Toma\u0161i\u010d v Evropskem [&hellip;]<\/p>","protected":false},"author":1,"featured_media":0,"parent":0,"menu_order":0,"comment_status":"closed","ping_status":"closed","template":"","meta":{"site-sidebar-layout":"default","site-content-layout":"","ast-site-content-layout":"","site-content-style":"default","site-sidebar-style":"default","ast-global-header-display":"","ast-banner-title-visibility":"","ast-main-header-display":"","ast-hfb-above-header-display":"","ast-hfb-below-header-display":"","ast-hfb-mobile-header-display":"","site-post-title":"disabled","ast-breadcrumbs-content":"","ast-featured-img":"","footer-sml-layout":"","theme-transparent-header-meta":"","adv-header-id-meta":"","stick-header-meta":"","header-above-stick-meta":"","header-main-stick-meta":"","header-below-stick-meta":"","astra-migrate-meta-layouts":"default","ast-page-background-enabled":"default","ast-page-background-meta":{"desktop":{"background-color":"var(--ast-global-color-4)","background-image":"","background-repeat":"repeat","background-position":"center center","background-size":"auto","background-attachment":"scroll","background-type":"","background-media":"","overlay-type":"","overlay-color":"","overlay-opacity":"","overlay-gradient":""},"tablet":{"background-color":"","background-image":"","background-repeat":"repeat","background-position":"center center","background-size":"auto","background-attachment":"scroll","background-type":"","background-media":"","overlay-type":"","overlay-color":"","overlay-opacity":"","overlay-gradient":""},"mobile":{"background-color":"","background-image":"","background-repeat":"repeat","background-position":"center center","background-size":"auto","background-attachment":"scroll","background-type":"","background-media":"","overlay-type":"","overlay-color":"","overlay-opacity":"","overlay-gradient":""}},"ast-content-background-meta":{"desktop":{"background-color":"var(--ast-global-color-5)","background-image":"","background-repeat":"repeat","background-position":"center center","background-size":"auto","background-attachment":"scroll","background-type":"","background-media":"","overlay-type":"","overlay-color":"","overlay-opacity":"","overlay-gradient":""},"tablet":{"background-color":"var(--ast-global-color-5)","background-image":"","background-repeat":"repeat","background-position":"center center","background-size":"auto","background-attachment":"scroll","background-type":"","background-media":"","overlay-type":"","overlay-color":"","overlay-opacity":"","overlay-gradient":""},"mobile":{"background-color":"var(--ast-global-color-5)","background-image":"","background-repeat":"repeat","background-position":"center center","background-size":"auto","background-attachment":"scroll","background-type":"","background-media":"","overlay-type":"","overlay-color":"","overlay-opacity":"","overlay-gradient":""}},"footnotes":""},"class_list":["post-705","page","type-page","status-publish","hentry"],"_links":{"self":[{"href":"https:\/\/cebelarstvo-cret.com\/en\/wp-json\/wp\/v2\/pages\/705","targetHints":{"allow":["GET"]}}],"collection":[{"href":"https:\/\/cebelarstvo-cret.com\/en\/wp-json\/wp\/v2\/pages"}],"about":[{"href":"https:\/\/cebelarstvo-cret.com\/en\/wp-json\/wp\/v2\/types\/page"}],"author":[{"embeddable":true,"href":"https:\/\/cebelarstvo-cret.com\/en\/wp-json\/wp\/v2\/users\/1"}],"replies":[{"embeddable":true,"href":"https:\/\/cebelarstvo-cret.com\/en\/wp-json\/wp\/v2\/comments?post=705"}],"version-history":[{"count":18,"href":"https:\/\/cebelarstvo-cret.com\/en\/wp-json\/wp\/v2\/pages\/705\/revisions"}],"predecessor-version":[{"id":775,"href":"https:\/\/cebelarstvo-cret.com\/en\/wp-json\/wp\/v2\/pages\/705\/revisions\/775"}],"wp:attachment":[{"href":"https:\/\/cebelarstvo-cret.com\/en\/wp-json\/wp\/v2\/media?parent=705"}],"curies":[{"name":"wp","href":"https:\/\/api.w.org\/{rel}","templated":true}]}}

<h2>
		News
	</h2>
<h2>
		Our footprint in the media
	</h2>
				<a href="https://moja-dolenjska.si/zala-tomasic-v-bruslju-opozorila-na-pomen-zascite-pravega-medu-in-boj-proti-ponaredkom/"  target="_self" itemprop="url">
				<img loading="lazy" decoding="async" src="https://cebelarstvo-cret.com/wp-content/uploads/2025/05/20250315_121223-2.jpg" alt="20250315_121223" itemprop="image" height="664" width="900" title="20250315_121223" onerror="this.style.display='none'"  />
				</a>
	<h2>The Importance of Protecting Real Honey</h2>
<p>Ob svetovnem dnevu čebel je evropska poslanka Zala Tomašič v Evropskem parlamentu organizirala poseben dogodek, s katerim je poudarila pomen zaščite čebel, pravega medu ter osvetlila eno najpomembnejših problematik &#8211; problem ponarejenega medu.</p>
			<a href="https://moja-dolenjska.si/zala-tomasic-v-bruslju-opozorila-na-pomen-zascite-pravega-medu-in-boj-proti-ponaredkom/#goog_rewarded" target="_self">
							More about the article
					</a>
				<a href="https://www.gov.si/novice/2024-12-07-prvo-evropsko-ocenjevanje-medu-poudarilo-pomen-kakovosti-in-sodelovanja/"  target="_self" itemprop="url">
				<img loading="lazy" decoding="async" src="https://cebelarstvo-cret.com/wp-content/uploads/2025/05/Svetovni-dan-medu-2048x1365-1.jpg" alt="svetovni dan medu" itemprop="image" height="600" width="900" title="Svetovni-dan-medu-2048x1365" onerror="this.style.display='none'"  />
				</a>
	<h2>The 1st European honey evaluation</h2>
<p>The Slovenian Beekeepers’ Association, in cooperation with the Coastal Beekeeping Society of Koper, organized the first European honey evaluation, bringing together 114 honey samples from 11 countries.</p>
			<a href="https://www.gov.si/novice/2024-12-07-prvo-evropsko-ocenjevanje-medu-poudarilo-pomen-kakovosti-in-sodelovanja/" target="_self">
							More about the article
					</a>
				<a href="https://www.metropolitan.si/novice/slovenija/cebelarstvo-ocenjevanje-medu-slovenija-evropa/"  target="_self" itemprop="url">
				<img loading="lazy" decoding="async" src="https://cebelarstvo-cret.com/wp-content/uploads/2025/05/20231221_173818.jpg" alt="20231221_173818" itemprop="image" height="794" width="900" title="20231221_173818" onerror="this.style.display='none'"  />
				</a>
	<h2>Metro news</h2>
<p>Slovenija je gostila prvo evropsko ocenjevanje medu &#8211; med zmagovalci največ slovenskih čebelarjev.</p>
			<a href="https://www.metropolitan.si/novice/slovenija/cebelarstvo-ocenjevanje-medu-slovenija-evropa/" target="_self">
							More about the article
					</a>
				<a href="https://agrobiznis.finance.si/novice/slovenski-med-pometel-z-evropsko-konkurenco/a/9029660"  target="_self" itemprop="url">
				<img loading="lazy" decoding="async" src="https://cebelarstvo-cret.com/wp-content/uploads/2025/05/IMG_8140.jpg" alt="IMG_8140" itemprop="image" height="815" width="900" title="IMG_8140" onerror="this.style.display='none'"  />
				</a>
<h2>
		Slovenian honey outshined the European competition.
	</h2>
<p>The first European honey evaluation was held in Koper, where beekeepers from 11 countries presented 114 honey samples.</p>
			<a href="https://agrobiznis.finance.si/novice/slovenski-med-pometel-z-evropsko-konkurenco/a/9029660" target="_self">
							More about the article
					</a>

<p>Mediji Naš odtis v medijih Pomen zaščite pravega medu Ob svetovnem dnevu čebel je evropska poslanka Zala Tomašič v Evropskem [&hellip;]</p>
